{"id":10,"date":"2024-02-26T23:04:25","date_gmt":"2024-02-26T22:04:25","guid":{"rendered":"https:\/\/fundacjawybieramkobiety.org\/?page_id=10"},"modified":"2025-11-03T20:58:05","modified_gmt":"2025-11-03T19:58:05","slug":"homepage","status":"publish","type":"page","link":"https:\/\/fundacjawybieramkobiety.org\/","title":{"rendered":"Homepage"},"content":{"rendered":"<p>[et_pb_section fb_built=&#8221;1&#8243; admin_label=&#8221;Sekcja g\u00f3ra&#8221; _builder_version=&#8221;4.27.4&#8243; _module_preset=&#8221;default&#8221; global_colors_info=&#8221;{}&#8221;][et_pb_row _builder_version=&#8221;4.27.4&#8243; _module_preset=&#8221;default&#8221; global_colors_info=&#8221;{}&#8221;][et_pb_column type=&#8221;4_4&#8243; _builder_version=&#8221;4.27.4&#8243; _module_preset=&#8221;default&#8221; global_colors_info=&#8221;{}&#8221;][et_pb_text _builder_version=&#8221;4.27.4&#8243; _module_preset=&#8221;default&#8221; global_colors_info=&#8221;{}&#8221;]<\/p>\n<h1 style=\"text-align: center;\"><strong>O Fundacji<\/strong><\/h1>\n<p>[\/et_pb_text][\/et_pb_column][\/et_pb_row][et_pb_row column_structure=&#8221;1_3,2_3&#8243; admin_label=&#8221;Wiersz&#8221; _builder_version=&#8221;4.27.4&#8243; _module_preset=&#8221;default&#8221; global_colors_info=&#8221;{}&#8221;][et_pb_column type=&#8221;1_3&#8243; _builder_version=&#8221;4.24.1&#8243; _module_preset=&#8221;default&#8221; global_colors_info=&#8221;{}&#8221;][et_pb_image src=&#8221;https:\/\/fundacjawybieramkobiety.org\/wp-content\/uploads\/2024\/02\/obraz_podpis.jpg&#8221; _builder_version=&#8221;4.27.4&#8243; _module_preset=&#8221;default&#8221; width=&#8221;100%&#8221; max_width=&#8221;100%&#8221; custom_padding=&#8221;||0px|||&#8221; global_colors_info=&#8221;{}&#8221;][\/et_pb_image][et_pb_text _builder_version=&#8221;4.24.2&#8243; _module_preset=&#8221;default&#8221; global_colors_info=&#8221;{}&#8221;]<\/p>\n<div class=\"page\" title=\"Page 1\">\n<div class=\"layoutArea\">\n<div class=\"column\">\n<p>autorka plakatu Magdalena Talmon <a href=\"https:\/\/www.facebook.com\/talmontworzy\">https:\/\/www.facebook.com\/talmontworzy<\/a><\/p>\n<\/div>\n<\/div>\n<\/div>\n<p>[\/et_pb_text][\/et_pb_column][et_pb_column type=&#8221;2_3&#8243; _builder_version=&#8221;4.24.1&#8243; _module_preset=&#8221;default&#8221; global_colors_info=&#8221;{}&#8221;][et_pb_text _builder_version=&#8221;4.24.2&#8243; _module_preset=&#8221;default&#8221; width=&#8221;100%&#8221; custom_margin=&#8221;||-163px|||&#8221; custom_padding=&#8221;0px||169px|||&#8221; global_colors_info=&#8221;{}&#8221;]<\/p>\n<p><strong>Nasza wsp\u00f3lna historia zacz\u0119\u0142a si\u0119 od jednego hashtaga &#8211; #g\u0142osuj\u0119nakobiety2024<\/strong><\/p>\n<p>W 2024 roku, przed wyborami samorz\u0105dowymi, wraz z grup\u0105 odwa\u017cnych kobiet z wojew\u00f3dztwa podlaskiego, przepe\u0142nionych frustracj\u0105, ale i pe\u0142nych energii do dzia\u0142ania, ruszy\u0142y\u015bmy z akcj\u0105 profrekwencyjn\u0105 <strong>#g\u0142osuj\u0119nakobiety2024. <\/strong>I to by\u0142 dopiero pocz\u0105tek \u2013 punkt zwrotny w naszym dzia\u0142aniu.<\/p>\n<p>Kiedy akcja profrekwencyjna dobieg\u0142a ko\u0144ca, stan\u0119\u0142y\u015bmy przed wyborem: wr\u00f3ci\u0107 do codzienno\u015bci czy kontynuowa\u0107 aktywne dzia\u0142ania na rzecz r\u00f3wnouprawnienia? <br \/>Wybra\u0142y\u015bmy drug\u0105 drog\u0119, bo nie lubimy pozostawa\u0107 bierne. Za\u0142o\u017cy\u0142y\u015bmy <strong>Fundacj\u0119 Wybieram Kobiety<\/strong>, <strong>bo naszym zdaniem r\u00f3wnouprawnienie to nie przywilej \u2013 to podstawowe prawo.<\/strong><\/p>\n<p><strong>Nasze cele s\u0105 jasne:<\/strong><\/p>\n<ul>\n<li>upowszechnienie wiedzy o potrzebie realnego i pe\u0142nego r\u00f3wnouprawnienia kobiet i m\u0119\u017cczyzn<\/li>\n<li>likwidacja nier\u00f3wno\u015bci w dost\u0119pie kobiet do edukacji, do awansu zawodowego i dost\u0119pie do pe\u0142nienia funkcji publicznych;<\/li>\n<li>aktywizacja spo\u0142eczno\u015bci lokalnej, w celu zapewnienia realizacji idei r\u00f3wnouprawnienia kobiet i m\u0119\u017cczyzn;<\/li>\n<li>promocja upowszechniana idei spo\u0142ecze\u0144stwa obywatelskiego;<\/li>\n<li>propagowanie wiedzy o najnowszych rozwi\u0105zaniach, w tym prawnych zmierzaj\u0105cych do likwidacji dyskryminacji ze wzgl\u0119du na p\u0142e\u0107 w\u015br\u00f3d spo\u0142ecze\u0144stwa;<\/li>\n<li>aktywizacja kobiet nieaktywnych zawodowo do powrotu na rynek pracy;<\/li>\n<li>dostosowanie kobiet &#8211; pracownik\u00f3w do zmieniaj\u0105cych si\u0119 potrzeb\u00a0 zintegrowanego rynku pracy;<\/li>\n<li>wspieranie kobiet i rodzin w trudnej sytuacji finansowej i materialnej;<\/li>\n<li>wspieranie edukacji dzieci i m\u0142odzie\u017cy w zakresie potrzeb r\u00f3wnuprawnienia kobiet i m\u0119\u017cczyzn;<\/li>\n<li>wspieranie edukacji dzieci i m\u0142odzie\u017cy w zakresie edukacji obywatelskiej, ze szczeg\u00f3lnym uwzgl\u0119dnieniem praw cz\u0142owieka,<\/li>\n<li>podejmowanie dzia\u0142a\u0144 na rzecz wspomagania edukacji i umi\u0119dzynarodowienia szko\u0142y, poprzez wymiany mi\u0119dzynarodowe i wsp\u00f3\u0142prac\u0119 ze szko\u0142ami z r\u00f3\u017cnych kraj\u00f3w,<\/li>\n<li>prowadzenie dzia\u0142alno\u015bci edukacyjnej w zakresie edukacji obywatelskiej;<\/li>\n<li>ochrona \u015brodowiska obszaru Polski, m. in. w zakresie podnoszenia poziomu wiedzy spo\u0142ecze\u0144stwa na temat ochrony \u015brodowiska i r\u00f3\u017cnorodno\u015bci biologicznej, prowadzenia kampanii informacyjno-edukacyjnych zwi\u0105zanych z edukacj\u0105 ekologiczn\u0105, zwi\u0119kszenie \u015bwiadomo\u015bci spo\u0142ecznej i zaanga\u017cowania obywateli w aktywn\u0105 ochron\u0119 \u015brodowiska oraz kszta\u0142towanie postaw proekologicznych w\u015br\u00f3d dzieci i m\u0142odzie\u017cy;<\/li>\n<li>promocja wdra\u017cania polityki zr\u00f3wnowa\u017cnego rozwoju i koncepcji ESG (Environmental, Social and Corporate Governance) u przedsi\u0119biorc\u00f3w i jednostek samorz\u0105du terytorialnego;<\/li>\n<li>prowadzenie dzia\u0142a\u0144 z zakresu profilaktyki zdrowotnej i promocji zdrowia;<\/li>\n<li>przeciwdzia\u0142anie patologiom spo\u0142ecznym;<\/li>\n<li>promocja i organizacja wolontariatu.<\/li>\n<\/ul>\n<p>[\/et_pb_text][\/et_pb_column][\/et_pb_row][et_pb_row column_structure=&#8221;1_4,1_2,1_4&#8243; _builder_version=&#8221;4.27.4&#8243; _module_preset=&#8221;default&#8221; global_colors_info=&#8221;{}&#8221;][et_pb_column type=&#8221;1_4&#8243; _builder_version=&#8221;4.27.4&#8243; _module_preset=&#8221;default&#8221; global_colors_info=&#8221;{}&#8221;][\/et_pb_column][et_pb_column type=&#8221;1_2&#8243; _builder_version=&#8221;4.27.4&#8243; _module_preset=&#8221;default&#8221; global_colors_info=&#8221;{}&#8221;][et_pb_text _builder_version=&#8221;4.27.4&#8243; _module_preset=&#8221;default&#8221; global_colors_info=&#8221;{}&#8221;]<\/p>\n<h1 style=\"text-align: center;\"><strong>Fundatorki<\/strong><\/h1>\n<p>[\/et_pb_text][\/et_pb_column][et_pb_column type=&#8221;1_4&#8243; _builder_version=&#8221;4.27.4&#8243; _module_preset=&#8221;default&#8221; global_colors_info=&#8221;{}&#8221;][\/et_pb_column][\/et_pb_row][et_pb_row column_structure=&#8221;1_3,1_3,1_3&#8243; admin_label=&#8221;Fundatorki&#8221; module_id=&#8221;fundatorki&#8221; _builder_version=&#8221;4.27.4&#8243; _module_preset=&#8221;default&#8221; global_colors_info=&#8221;{}&#8221;][et_pb_column type=&#8221;1_3&#8243; _builder_version=&#8221;4.27.4&#8243; _module_preset=&#8221;default&#8221; global_colors_info=&#8221;{}&#8221;][et_pb_image src=&#8221;https:\/\/fundacjawybieramkobiety.org\/wp-content\/uploads\/2025\/11\/kadrowane.jpg&#8221; alt=&#8221;Katarzyna Zadykowicz&#8221; title_text=&#8221;kadrowane&#8221; admin_label=&#8221;Obraz&#8221; _builder_version=&#8221;4.27.4&#8243; _module_preset=&#8221;default&#8221; global_colors_info=&#8221;{}&#8221;][\/et_pb_image][et_pb_text admin_label=&#8221;Tekst&#8221; _builder_version=&#8221;4.27.4&#8243; _module_preset=&#8221;default&#8221; global_colors_info=&#8221;{}&#8221;]<\/p>\n<p><strong>Katarzyna Zuzanna Zadykowicz<\/strong><\/p>\n<p>Jestem Fundatork\u0105 i Prezesk\u0105 Zarz\u0105du Fundacji Wybieram Kobiety.<\/p>\n<p>Wierz\u0119, \u017ce prawdziwa zmiana dzieje si\u0119 wtedy, gdy przestajemy m\u00f3wi\u0107 o r\u00f3wnouprawnieniu jako o przywileju, a zaczynamy traktowa\u0107 je jako naturalny stan rzeczy. Kluczowe jest tworzenie system\u00f3w, kt\u00f3re same wspieraj\u0105 r\u00f3wno\u015b\u0107 \u2013 nie przez deklaracje, ale przez spos\u00f3b dzia\u0142ania.<\/p>\n<p>Mam narz\u0119dzia, \u017ceby t\u0119 wizj\u0119 realizowa\u0107. Jestem radczyni\u0105 prawn\u0105, partnerem zarz\u0105dzaj\u0105cym w Kancelarii Radc\u00f3w Prawnych Bieluk i Partnerzy \u2013 najwi\u0119kszej firmie prawniczej w p\u00f3\u0142nocno-wschodniej Polsce. Uko\u0144czy\u0142am Wydzia\u0142 Prawa Uniwersytetu w Bia\u0142ymstoku i wyk\u0142adam na tym uniwersytecie oraz Uczelni \u0141azarskiego, specjalizuj\u0105c si\u0119 w prawie zam\u00f3wie\u0144 publicznych i prawie rynku rob\u00f3t budowlanych. W latach 2022-2025 by\u0142am cz\u0142onkini\u0105 Rady G\u0142\u00f3wnej Konfederacji Lewiatan oraz wiceprezesk\u0105 Podlaskiego Zwi\u0105zku Pracodawc\u00f3w. Od 2024 roku jestem doradczyni\u0105 spo\u0142eczn\u0105 Marsza\u0142ka Wojew\u00f3dztwa Podlaskiego ds. zr\u00f3wnowa\u017conego rozwoju oraz cz\u0142onkini\u0105 Podlaskiej Rady Przedsi\u0119biorczo\u015bci. Jestem r\u00f3wnie\u017c Wiceprezesk\u0105 Stowarzyszenia Przyjaci\u00f3\u0142 Ulicy Warszawskiej, gdzie wsp\u00f3\u0142organizuj\u0119 wydarzenia buduj\u0105ce spo\u0142eczno\u015b\u0107 lokaln\u0105, oraz dzia\u0142am w Stowarzyszeniu 100-lecie Kobiet, promuj\u0105cym r\u00f3wnouprawnienie.<\/p>\n<p>To do\u015bwiadczenie pokaza\u0142o mi, \u017ce najwi\u0119ksz\u0105 barier\u0105 jest nie brak kompetencji kobiet, ale brak system\u00f3w, kt\u00f3re te kompetencje dostrzegaj\u0105 i wspieraj\u0105. Frustruje mnie, gdy widz\u0119, jak wiele talent\u00f3w marnuje si\u0119 przez stereotypy i utarte \u015bcie\u017cki my\u015blenia.<\/p>\n<p>Ka\u017cdego dnia staram si\u0119 budowa\u0107 mosty \u2013 mi\u0119dzy prawem a praktyk\u0105, mi\u0119dzy biznesem a spo\u0142eczno\u015bci\u0105, mi\u0119dzy tym co jest, a tym co powinno by\u0107.<\/p>\n<p>By\u0142am inicjatork\u0105 i wsp\u00f3\u0142organizatork\u0105 akcji profrekwencyjnej #g\u0142osuj\u0119nakobiety2024, zorganizowanej przed wyborami samorz\u0105dowymi w 2024 r., kt\u00f3ra (ponad podzia\u0142ami partyjnymi) propagowa\u0142a ide\u0119 udzia\u0142u w wyborach i g\u0142osowania na kobiety, startuj\u0105ce ze wszystkich list wyborczych.<\/p>\n<p>Chc\u0119, \u017ceby za 10 lat pytanie o r\u00f3wnouprawnienie kobiet brzmia\u0142o tak absurdalnie, jak dzi\u015b brzmi pytanie o prawo kobiet do nauki. Moja rola w tej zmianie polega na wykorzystywaniu ka\u017cdej mo\u017cliwo\u015bci \u2013 od sali s\u0105dowej po lokalne wydarzenia \u2013 \u017ceby pokazywa\u0107, \u017ce \u015bwiat z r\u00f3wnymi szansami to nie utopia, ale osi\u0105galna rzeczywisto\u015b\u0107.<\/p>\n<p>[\/et_pb_text][\/et_pb_column][et_pb_column type=&#8221;1_3&#8243; _builder_version=&#8221;4.27.4&#8243; _module_preset=&#8221;default&#8221; global_colors_info=&#8221;{}&#8221;][et_pb_image src=&#8221;https:\/\/fundacjawybieramkobiety.org\/wp-content\/uploads\/2025\/11\/AN-male.png&#8221; alt=&#8221;Anna Narel&#8221; title_text=&#8221;Anna Narel&#8221; _builder_version=&#8221;4.27.4&#8243; _module_preset=&#8221;default&#8221; global_colors_info=&#8221;{}&#8221;][\/et_pb_image][et_pb_text _builder_version=&#8221;4.27.4&#8243; _module_preset=&#8221;default&#8221; global_colors_info=&#8221;{}&#8221;]<\/p>\n<p><b>Anna Narel<\/b><\/p>\n<p>Jestem Wiceprezesk\u0105 Zarz\u0105du Fundacji Wybieram Kobiety.<\/p>\n<p>Wierz\u0119, \u017ce &#8222;chcie\u0107 to m\u00f3c&#8221; to nie tylko motto, ale styl \u017cycia. Z ogromnym entuzjazmem \u0142\u0105cz\u0119 \u017cycie zawodowe, spo\u0142eczne i prywatne, pokazuj\u0105c, \u017ce ka\u017cdy dzie\u0144 jest szans\u0105 na tworzenie czego\u015b wyj\u0105tkowego \u2013 w biznesie, spo\u0142eczno\u015bci i dla innych.<\/p>\n<p>Jestem ekonomistk\u0105 z sercem dla biznesu, absolwentk\u0105 ekonomii Uniwersytetu w Bia\u0142ymstoku. W bran\u017cy hotelarsko-gastronomicznej dzia\u0142am od 20 lat. Dzi\u0119ki ekonomicznemu wykszta\u0142ceniu i pasji, z sukcesem prowadz\u0119 dwa wyj\u0105tkowe obiekty: Hotel Traugutta3 Bia\u0142ystok &amp; Restauracja Regiment oraz Hotel Podlasie Bia\u0142ystok &amp; Restauracja Lipcowy Ogr\u00f3d, kt\u00f3re nale\u017c\u0105 do grupy Polskich Hoteli Niezale\u017cnych. Moja mi\u0142o\u015b\u0107 do ludzi i przestrzeni pozwala mi tworzy\u0107 miejsca, kt\u00f3re \u0142\u0105cz\u0105 design, architektur\u0119 wn\u0119trz i wyj\u0105tkowe spotkania. Jestem r\u00f3wnie\u017c cz\u0142onkini\u0105 Rady Izby Przemys\u0142owo-Handlowej w Bia\u0142ymstoku.<\/p>\n<p>Jestem liderk\u0105, dzia\u0142aczk\u0105 spo\u0142eczn\u0105 i wizjonerk\u0105. Moje zaanga\u017cowanie koncentruje si\u0119 na rozwoju kobiecej spo\u0142eczno\u015bci w wojew\u00f3dztwie podlaskim. By\u0142am pierwsz\u0105 Liderk\u0105 Ery Nowych Kobiet w Podlaskim, wsp\u00f3\u0142za\u0142o\u017cycielk\u0105 Forum Kobiet Podlasia oraz cz\u0142onkini\u0105 Bia\u0142ostockiej Rady Kobiet dzia\u0142aj\u0105cej przy Prezydencie Miasta Bia\u0142egostoku. Za\u0142o\u017cy\u0142am r\u00f3wnie\u017c Fundacj\u0119 Fratino, kontynuuj\u0105c misj\u0119 wspierania kobiet.<\/p>\n<p>By\u0142am inicjatork\u0105 Centrum Warszawska 50 w Bia\u0142ymstoku \u2013 miejsca, kt\u00f3re sta\u0142o si\u0119 przestrzeni\u0105 inspiruj\u0105cych spotka\u0144, wspieraj\u0105cych rozw\u00f3j lokalnych stowarzysze\u0144 i biznes\u00f3w.<\/p>\n<p>Chc\u0119 inspirowa\u0107 kobiety do odwagi w d\u0105\u017ceniu do cel\u00f3w, pokazuj\u0105c, \u017ce pe\u0142ne zaanga\u017cowanie na wielu p\u0142aszczyznach jest osi\u0105galne i satysfakcjonuj\u0105ce.<\/p>\n<p>[\/et_pb_text][\/et_pb_column][et_pb_column type=&#8221;1_3&#8243; _builder_version=&#8221;4.27.4&#8243; _module_preset=&#8221;default&#8221; global_colors_info=&#8221;{}&#8221;][et_pb_image src=&#8221;https:\/\/fundacjawybieramkobiety.org\/wp-content\/uploads\/2025\/11\/MW-male.png&#8221; alt=&#8221;Ma\u0142gorzata Wenclik&#8221; title_text=&#8221;Ma\u0142gorzata Wenclik&#8221; admin_label=&#8221;Obraz&#8221; _builder_version=&#8221;4.27.4&#8243; _module_preset=&#8221;default&#8221; global_colors_info=&#8221;{}&#8221;][\/et_pb_image][et_pb_text _builder_version=&#8221;4.27.4&#8243; _module_preset=&#8221;default&#8221; global_colors_info=&#8221;{}&#8221;]<\/p>\n<p><b>dr Ma\u0142gorzata Wenclik<\/b><\/p>\n<p>Jestem Fundatork\u0105 i Wiceprezesk\u0105 Zarz\u0105du Fundacji Wybieram Kobiety.<\/p>\n<p>Wierz\u0119, \u017ce wiedza ma sens wtedy, gdy prowadzi do zmiany spo\u0142ecznej. R\u00f3wno\u015b\u0107 zaczyna si\u0119 od odwagi \u2014 odwagi, by zabiera\u0107 g\u0142os i tworzy\u0107 przestrze\u0144, w kt\u00f3rej ka\u017cda kobieta mo\u017ce rozkwitn\u0105\u0107. Chc\u0119 inspirowa\u0107 do dzia\u0142ania, a moje motto \u017cyciowe to: Wymy\u015bl i wykonaj.<\/p>\n<p>Jestem Bia\u0142ostoczank\u0105 i Podlasiank\u0105 z urodzenia. Uko\u0144czy\u0142am Wydzia\u0142 Prawa Uniwersytetu w Bia\u0142ymstoku, gdzie obroni\u0142am doktorat i dzi\u015b pracuj\u0119 w Katedrze Prawa i Post\u0119powania Administracyjnego UwB. Moja \u015bcie\u017cka \u0142\u0105czy do\u015bwiadczenie naukowe z praktyk\u0105 administracyjn\u0105. Pracowa\u0142am jako dyrektor Wojew\u00f3dzkiego S\u0105du Administracyjnego w Bia\u0142ymstoku. Od wrze\u015bnia 2024 roku pe\u0142ni\u0119 funkcj\u0119 dziekanki ds. rozwoju i umi\u0119dzynarodowienia w Filii Uniwersytetu w Bia\u0142ymstoku w Wilnie, odpowiadaj\u0105c za mi\u0119dzynarodowe projekty naukowe, rozw\u00f3j wsp\u00f3\u0142pracy i jako\u015b\u0107 kszta\u0142cenia, szczeg\u00f3lnie w obszarze prawa europejskiego i administracji publicznej.<\/p>\n<p>M\u00f3j dorobek naukowy skupia si\u0119 na prawie administracyjnym, samorz\u0105dzie terytorialnym i prawach cz\u0142owieka \u2013 ze szczeg\u00f3lnym uwzgl\u0119dnieniem praw kobiet. W swoich projektach badam, jak administracja mo\u017ce realnie wspiera\u0107 r\u00f3wno\u015b\u0107 i dost\u0119pno\u015b\u0107 us\u0142ug publicznych. Prowadz\u0119 Ko\u0142o Inicjatyw Administracyjnych, inspiruj\u0105c student\u00f3w do dzia\u0142ania.<\/p>\n<p>Dzia\u0142am aktywnie w organizacjach pozarz\u0105dowych. Od 2018 roku wsp\u00f3\u0142tworz\u0119 Stowarzyszenie 100-lecie Kobiet. Od 2024 roku jestem wsp\u00f3\u0142fundatork\u0105 Fundacji #WybieramKobiety. Dzia\u0142am r\u00f3wnie\u017c w Forum Kobiet Podlasia, gdzie wsp\u00f3\u0142organizuj\u0119 cykliczne wydarzenia gromadz\u0105ce kobiety z regionu, oraz w Klubie Wile\u0144szczyzna jest Kobiet\u0105. Pe\u0142ni\u0119 funkcj\u0119 wiceprzewodnicz\u0105cej Rady Kobiet przy Marsza\u0142ku Wojew\u00f3dztwa Podlaskiego.<\/p>\n<p>Za dzia\u0142alno\u015b\u0107 spo\u0142eczn\u0105 zosta\u0142am wyr\u00f3\u017cniona m.in. tytu\u0142em Liderki R\u00f3wno\u015bci oraz nagrod\u0105 Kryszta\u0142owe Serce Radcy Prawnego (2024).<\/p>\n<p>Chc\u0119, \u017ceby za 10 lat pytanie o r\u00f3wnouprawnienie brzmia\u0142o absurdalnie. Moja rola polega na wykorzystywaniu ka\u017cdej mo\u017cliwo\u015bci, \u017ceby pokazywa\u0107, \u017ce \u015bwiat z r\u00f3wnymi szansami to osi\u0105galna rzeczywisto\u015b\u0107.<\/p>\n<p>[\/et_pb_text][\/et_pb_column][\/et_pb_row][et_pb_row _builder_version=&#8221;4.27.4&#8243; _module_preset=&#8221;default&#8221; global_colors_info=&#8221;{}&#8221;][et_pb_column type=&#8221;4_4&#8243; _builder_version=&#8221;4.27.4&#8243; _module_preset=&#8221;default&#8221; global_colors_info=&#8221;{}&#8221;][et_pb_divider show_divider=&#8221;off&#8221; _builder_version=&#8221;4.27.4&#8243; _module_preset=&#8221;default&#8221; global_colors_info=&#8221;{}&#8221;][\/et_pb_divider][\/et_pb_column][\/et_pb_row][et_pb_row column_structure=&#8221;1_4,1_2,1_4&#8243; admin_label=&#8221;Kontakt&#8221; module_id=&#8221;Kontakt&#8221; _builder_version=&#8221;4.27.4&#8243; _module_preset=&#8221;default&#8221; global_colors_info=&#8221;{}&#8221;][et_pb_column type=&#8221;1_4&#8243; _builder_version=&#8221;4.24.2&#8243; _module_preset=&#8221;default&#8221; global_colors_info=&#8221;{}&#8221;][\/et_pb_column][et_pb_column type=&#8221;1_2&#8243; _builder_version=&#8221;4.24.2&#8243; _module_preset=&#8221;default&#8221; global_colors_info=&#8221;{}&#8221;][et_pb_text _builder_version=&#8221;4.27.4&#8243; _module_preset=&#8221;default&#8221; global_colors_info=&#8221;{}&#8221;]<\/p>\n<h1 style=\"text-align: center;\"><strong>Kontakt<\/strong><\/h1>\n<p>[\/et_pb_text][et_pb_text _builder_version=&#8221;4.27.4&#8243; _module_preset=&#8221;default&#8221; global_colors_info=&#8221;{}&#8221;]<\/p>\n<p style=\"text-align: center;\"><span style=\"font-size: 18pt;\">biuro@fundacjawybieramkobiety.org<\/span><\/p>\n<p>[\/et_pb_text][\/et_pb_column][et_pb_column type=&#8221;1_4&#8243; _builder_version=&#8221;4.24.2&#8243; _module_preset=&#8221;default&#8221; global_colors_info=&#8221;{}&#8221;][\/et_pb_column][\/et_pb_row][\/et_pb_section]<\/p>\n","protected":false},"excerpt":{"rendered":"<p>O Fundacji autorka plakatu Magdalena Talmon https:\/\/www.facebook.com\/talmontworzy Nasza wsp\u00f3lna historia zacz\u0119\u0142a si\u0119 od jednego hashtaga &#8211; #g\u0142osuj\u0119nakobiety2024 W 2024 roku, przed wyborami samorz\u0105dowymi, wraz z grup\u0105 odwa\u017cnych kobiet z wojew\u00f3dztwa podlaskiego, przepe\u0142nionych frustracj\u0105, ale i pe\u0142nych energii do dzia\u0142ania, ruszy\u0142y\u015bmy z akcj\u0105 profrekwencyjn\u0105 #g\u0142osuj\u0119nakobiety2024. I to by\u0142 dopiero pocz\u0105tek \u2013 punkt zwrotny w naszym dzia\u0142aniu. [&hellip;]<\/p>\n","protected":false},"author":1,"featured_media":0,"parent":0,"menu_order":0,"comment_status":"closed","ping_status":"closed","template":"","meta":{"_et_pb_use_builder":"on","_et_pb_old_content":"","_et_gb_content_width":"","footnotes":""},"class_list":["post-10","page","type-page","status-publish","hentry"],"_links":{"self":[{"href":"https:\/\/fundacjawybieramkobiety.org\/index.php?rest_route=\/wp\/v2\/pages\/10","targetHints":{"allow":["GET"]}}],"collection":[{"href":"https:\/\/fundacjawybieramkobiety.org\/index.php?rest_route=\/wp\/v2\/pages"}],"about":[{"href":"https:\/\/fundacjawybieramkobiety.org\/index.php?rest_route=\/wp\/v2\/types\/page"}],"author":[{"embeddable":true,"href":"https:\/\/fundacjawybieramkobiety.org\/index.php?rest_route=\/wp\/v2\/users\/1"}],"replies":[{"embeddable":true,"href":"https:\/\/fundacjawybieramkobiety.org\/index.php?rest_route=%2Fwp%2Fv2%2Fcomments&post=10"}],"version-history":[{"count":42,"href":"https:\/\/fundacjawybieramkobiety.org\/index.php?rest_route=\/wp\/v2\/pages\/10\/revisions"}],"predecessor-version":[{"id":165,"href":"https:\/\/fundacjawybieramkobiety.org\/index.php?rest_route=\/wp\/v2\/pages\/10\/revisions\/165"}],"wp:attachment":[{"href":"https:\/\/fundacjawybieramkobiety.org\/index.php?rest_route=%2Fwp%2Fv2%2Fmedia&parent=10"}],"curies":[{"name":"wp","href":"https:\/\/api.w.org\/{rel}","templated":true}]}}